{"id":107,"date":"2018-09-26T06:39:42","date_gmt":"2018-09-26T04:39:42","guid":{"rendered":"http:\/\/spprusce.pl\/?page_id=107"},"modified":"2018-09-26T11:37:50","modified_gmt":"2018-09-26T09:37:50","slug":"hymn","status":"publish","type":"page","link":"https:\/\/spprusce.pl\/index.php\/hymn\/","title":{"rendered":"Hymn"},"content":{"rendered":"<p style=\"text-align: center; font-size: 20px;\"><strong>HYMN SZKO\u0141Y PODSTAWOWEJ IM. JANA PAW\u0141A II W PRU\u015aCACH.<\/strong><\/p>\n<p style=\"font-size: 18px;\">1. Prusieckiej szko\u0142y dziedzictwo:<\/p>\n<p style=\"font-size: 18px;\">\u201e Ojczyzna, honor i B\u00f3g\u201d.<\/p>\n<p style=\"font-size: 18px;\">Te warto\u015bci zna ka\u017cdy ucze\u0144,<\/p>\n<p style=\"font-size: 18px;\">od dnia, gdy przekroczy szkolny pr\u00f3g.<\/p>\n<p style=\"font-size: 18px;\">Ref. My uczniowie szko\u0142y<\/p>\n<p style=\"font-size: 18px;\">przysi\u0119gamy dzi\u015b,<\/p>\n<p style=\"font-size: 18px;\">za s\u0142owami Patrona i\u015b\u0107.<\/p>\n<p style=\"font-size: 18px;\">\u201e \u015awiat was potrzebuje\u201d<\/p>\n<p style=\"font-size: 18px;\">naucza\u0142 nas On \u2013<\/p>\n<p style=\"font-size: 18px;\">te s\u0142owa brzmi\u0105 w sercach jak dzwon!<\/p>\n<p style=\"font-size: 18px;\">2. Rado\u015bni i wierni w przyja\u017ani<\/p>\n<p style=\"font-size: 18px;\">tworzymy jedn\u0105, wielk\u0105, szkoln\u0105 bra\u0107.<\/p>\n<p style=\"font-size: 18px;\">Nasz Patron, to On nas naucza\u0142 \u2013<\/p>\n<p style=\"font-size: 18px;\">\u017ce dawa\u0107 jest lepiej ni\u017c bra\u0107.<\/p>\n<p style=\"font-size: 18px;\">Ref. My uczniowie szko\u0142y\u2026<\/p>\n<p style=\"font-size: 18px;\">3. Nauk\u0105 i prac\u0105 rzeteln\u0105<\/p>\n<p style=\"font-size: 18px;\">S\u0142u\u017cymy ludziom ze swych m\u0142odych si\u0142.<\/p>\n<p style=\"font-size: 18px;\">Dla innych chcemy by\u0107 dobrzy,<\/p>\n<p style=\"font-size: 18px;\">By \u015bwiat wok\u00f3\u0142 nas lepszy by\u0142.<\/p>\n<p style=\"font-size: 18px;\">Ref. My uczniowie szko\u0142y\u2026<\/p>\n<p>&nbsp;<\/p>\n<p style=\"text-align: right;\"><strong>s\u0142owa hymnu szko\u0142y: mgr Danuta Ko\u015bciukiewicz<\/strong><\/p>\n","protected":false},"excerpt":{"rendered":"<p>HYMN SZKO\u0141Y PODSTAWOWEJ IM. JANA PAW\u0141A II W PRU\u015aCACH. 1. Prusieckiej szko\u0142y dziedzictwo: \u201e Ojczyzna, honor i B\u00f3g\u201d. Te warto\u015bci zna ka\u017cdy ucze\u0144, od dnia, gdy przekroczy szkolny pr\u00f3g. Ref. My uczniowie szko\u0142y przysi\u0119gamy dzi\u015b, za s\u0142owami Patrona i\u015b\u0107. \u201e \u015awiat was potrzebuje\u201d naucza\u0142 nas On \u2013 te s\u0142owa brzmi\u0105 &hellip;<\/p>\n","protected":false},"author":1,"featured_media":0,"parent":0,"menu_order":0,"comment_status":"closed","ping_status":"closed","template":"","meta":{"footnotes":""},"class_list":["post-107","page","type-page","status-publish","hentry"],"_links":{"self":[{"href":"https:\/\/spprusce.pl\/index.php\/wp-json\/wp\/v2\/pages\/107","targetHints":{"allow":["GET"]}}],"collection":[{"href":"https:\/\/spprusce.pl\/index.php\/wp-json\/wp\/v2\/pages"}],"about":[{"href":"https:\/\/spprusce.pl\/index.php\/wp-json\/wp\/v2\/types\/page"}],"author":[{"embeddable":true,"href":"https:\/\/spprusce.pl\/index.php\/wp-json\/wp\/v2\/users\/1"}],"replies":[{"embeddable":true,"href":"https:\/\/spprusce.pl\/index.php\/wp-json\/wp\/v2\/comments?post=107"}],"version-history":[{"count":0,"href":"https:\/\/spprusce.pl\/index.php\/wp-json\/wp\/v2\/pages\/107\/revisions"}],"wp:attachment":[{"href":"https:\/\/spprusce.pl\/index.php\/wp-json\/wp\/v2\/media?parent=107"}],"curies":[{"name":"wp","href":"https:\/\/api.w.org\/{rel}","templated":true}]}}